ose 0 = -d*w + 1131 + z. Is w a composite number?
False
Suppose 0*d - 10 = 5*d, -2*d = 3*o + 718. Let p = 381 + o. Is p a composite number?
True
Is (-2)/(-5) - 1581319/(-115) prime?
True
Suppose -3*s - u = -2, -4*u - 6 + 0 = -2*s. Let t be s/(-2)*-542 + -3. Let h = t - 127. Is h a prime number?
False
Suppose 0 = 3*w - 5*z - 9, 4*w = -2*z + 12. Suppose -11528 = -11*l + w*l. Is l prime?
False
Suppose 5*a = -5*s + 810, 10*a - 820 = 5*a - 3*s. Suppose 0 = -p + 3, 6*p - 54 = -4*g + 4*p. Suppose 3*n + g = 0, 3*n = 3*d - 19 - a. Is d a prime number?
False
Suppose 6*k = 62 + 298. Let x = k + -802. Let s = -479 - x. Is s a prime number?
True
Let y be (-2)/(-4) + (-75)/(-10). Let c(n) = 0 + y*n - 2*n**3 - 1 - 4*n**2 - 9*n - 2. Is c(-4) prime?
False
Let n(x) = 2*x**3 - x**2 - 2*x + 1. Let v be n(2). Let i be -6*((-177)/v - 1). Suppose -142 - i = -2*f. Is f a prime number?
False
Let w(y) be the third derivative of -y**5/60 - y**4/24 + 5*y**3/6 - 7*y**2. Let i be w(-3). Is i + (332/4 - 0) a composite number?
True
Let x(r) = 820*r**2 + 2*r + 13. Is x(4) a prime number?
False
Suppose 15*r = 1032809 - 158534. Is r composite?
True
Suppose -w - z - 16 = -3*w, -2*w + 3*z + 20 = 0. Suppose w*g = -2*g + 10737. Is g a prime number?
True
Let p be ((-4)/(-6))/((-22)/(-231)). Suppose -590 = p*v - 8*v. Suppose 0 = -y - 3, 2*y - v = -5*a + 7*y. Is a prime?
False
Let m(f) = -55*f**2 - f. Let b be m(-1). Let s be 7/((-7)/b) - -1. Let c = s - 36. Is c a composite number?
False
Suppose 4*s - c = -77, -3*s + 0*s - 59 = -c. Let p = s + 22. Suppose p*t = -3*t + 455. Is t a prime number?
False
Let h(y) = y**3 + 29*y**2 - 51*y + 5. Is h(-30) prime?
False
Let f = 5566 - 2509. Suppose -4*m + 67 = -f. Is m prime?
False
Suppose 3*m = -4*b + 10574, 0*m - 10559 = -3*m - b. Is m prime?
False
Let o be -2*((-4 - 2) + 2 + 3). Suppose 0 = -4*g - 2*f + 5016, 3*g = o*f - 3*f + 3761. Is g prime?
False
Suppose -3*i + 4*o = 3062, 3064 = -3*i - 0*i + 5*o. Let x = i - -2105. Is x a prime number?
True
Let v(u) = -3*u**3 + 6*u**2 + 5*u - 3. Let o(h) = -h**3 + 9*h**2 + 9*h - 1. Let j be o(10). Let m be (j - -4) + -1 + 4. Is v(m) prime?
False
Suppose -57669 = -6*n + 101169. Is n composite?
True
Let y(w) = 4*w**2 + 4*w - 284. Let r(s) = -s**2 - s + 71. Let p(z) = 9*r(z) + 2*y(z). Let g = -8 - -8. Is p(g) a composite number?
False
Let n = -3 + 146. Let b = 207 - n. Suppose -3*m = -b - 227. Is m composite?
False
Let f(s) be the third derivative of 5*s**5/4 + s**4/3 + 2*s**3 + 32*s**2. Is f(-5) a prime number?
True
Suppose 83 = 3*h + 2*d, -5*h = -d - 3*d - 109. Let s = h - -12. Is s composite?
False
Is 417110/106 - -2*6 a prime number?
True
Let q(m) = 3*m**2 + 15*m + 43. Is q(13) prime?
False
Let p(k) be the second derivative of 7*k**3 + 2*k**2 + 13*k. Let z be p(2). Suppose x = z + 271. Is x a prime number?
True
Let k = 155 - 224. Let s = k - -196. Is s prime?
True
Let d = -1162 + 29373. Is d composite?
False
Suppose 8*f = f + 1456. Suppose f = 3*s + i, -s + 98 = -5*i + 2. Is s composite?
False
Suppose -c - 10 = -2*n, -4*n + 5*n = -5*c + 5. Is n + (-19 + -3)*-68 a prime number?
False
Let c be (-2)/((-1 - -5)/(-1000)). Suppose -c = -n + 467. Suppose 5*b + 3*h = -0*h + n, 0 = 4*b - 4*h - 748. Is b composite?
False
Let y be (0 - -6)*(-4)/(-12). Suppose -t + 1131 = -2*l, -y*l = t + 168 - 1279. Is t prime?
False
Suppose k + 2 = 3*k. Let p(y) = 383*y - 4. Is p(k) composite?
False
Let r(i) = i**2 + 9*i + 11. Let a be r(-7). Let s be (0 + (-4 - a))*-4. Suppose -s*k = -8*k + 4*n + 272, 347 = 5*k + 2*n. Is k a prime number?
False
Suppose 0 = -2*m - b - 6, 4*m = -0*b + b - 18. Let k be 28/21*(-18)/m. Is (92/k)/(4/12) a prime number?
False
Suppose -3*r - 3*r - 84 = 0. Let z = -7 - r. Suppose 5 = -z*i + 2*i, 5*i = 5*u - 1010. Is u prime?
False
Is (3 + -1)*(18802/4 - 5) a composite number?
False
Let g(d) = -d**2 - 12*d + 6. Let v(b) = 3*b**2 + 35*b - 19. Let m(x) = -8*g(x) - 3*v(x). Let w be m(-7). Let n = w - -110. Is n prime?
False
Let d be ((-4)/(-8))/((-2)/4). Let g be d/(-1)*(20 + -3). Let n(v) = v**2 - 9*v + 25. Is n(g) prime?
False
Suppose 4*b - 31238 - 24398 = 0. Is b prime?
False
Is (63193/52)/((-1)/(-4)) composite?
False
Suppose 653 = -3*t + 8894. Is t a prime number?
False
Let n = 520 - 145. Suppose d - n = -q + 5*q, d - 371 = 3*q. Is d composite?
False
Let o be (348/8)/3*-10. Let i = -35 - o. Suppose -j = j - i. Is j composite?
True
Suppose -5*a + 79 = -76. Let t = -2 + 2. Suppose 5*w + 2*p + 10 = 111, t = -w - 4*p + a. Is w a prime number?
True
Suppose n = -5*l - 112, -l - 3*n = 2*n + 32. Is (-254)/3*165/l composite?
True
Let c(w) = 1868*w - 1155. Is c(40) composite?
True
Let z be (18/4 + 2)*-2. Let g = z - -18. Suppose -g*m + 2055 = 2*j, j + 1198 = 3*m - 46. Is m composite?
True
Suppose -2*m = -4*m + 12. Suppose -142 = -m*f + 440. Is f composite?
False
Let p(b) = 265*b**2 + 61*b + 9. Is p(-29) prime?
False
Suppose 4*w - 126043 = 2*w - 5*j, 0 = -3*w + 5*j + 189102. Is w a composite number?
False
Let p be (4/(-5))/(8/(-20)). Suppose p*w = 4*w - 532. Is -3 + (-2 + w - 2) composite?
True
Suppose -23*q - 106813 = -344426. Is q composite?
False
Suppose 2*c + 9 = 5*c. Suppose 3*x = 2*m - 221, c*x + 530 = m + 4*m. Is m prime?
True
Let v = -1541 - -2692. Is v composite?
False
Let h = 11153 + -5808. Is h prime?
False
Is ((-27344)/(-32))/(2 + 3/(-2)) composite?
False
Let s(n) = 2*n + 454. Let m be s(0). Let h = m + -75. Is h a prime number?
True
Let x(c) = -3*c**2 - 7*c + c**3 - 43 - 22 + 0*c**2 + 35. Is x(9) prime?
False
Suppose 0 = -50*l + 56*l - 534. Is l prime?
True
Let n be -3 + 101 + -1 + 2. Let f = n + -10. Is f composite?
False
Let u be 21/(-14)*1478/(-3). Let d = u - 474. Is d composite?
True
Let u = 8070 + -1721. Is u a composite number?
True
Let k(a) = a**3 + 20*a**2 - 24*a - 27. Let t be k(-21). Let j = -36 + t. Suppose j = -2*y - 3*y + 1055. Is y prime?
True
Suppose 47*b = 48*b - 20609. Is b prime?
False
Let u = 7172 - 453. Is u a prime number?
True
Let g = -25 - -17. Let r be 4/(-16) - 7370/g. Suppose 4*f - r = f. Is f a prime number?
True
Suppose 0 = 30*h + 82485 - 736095. Is h a prime number?
True
Suppose -2*g = -4*f - 2367 - 1727, 5*f = -5*g + 10280. Is g prime?
True
Let z be ((-3)/(-2))/(3/3054). Suppose -435 = 2*y - z. Is (y/15)/((-4)/(-10)) composite?
True
Suppose -2*a = 2*q - 34, -4*a - q + 50 = -30. Is 4/(-14) + 1665/a a prime number?
True
Suppose -159909 = -6*w + 18825. Is w a composite number?
False
Let l(v) = 748*v**3 - 2*v**2 + 5*v - 5. Let r(b) = -b**3 + 4*b**2 - 6. Let q be r(2). Is l(q) prime?
True
Suppose -12*o + 7*o - 245 = 0. Let l be 52/39 + o/3. Is ((-5)/l)/((-1)/(-201)) a prime number?
True
Let s(v) = v**3 - 10*v**2 - 11*v + 9. Let q be s(11). Let w = 11 - q. Suppose 0*i + 1151 = w*b - 3*i, 5*i = 4*b - 2307. Is b a composite number?
True
Suppose -37*d = -35*d - 4*k - 21282, 2*d - 3*k - 21280 = 0. Is d a composite number?
True
Let d = -2587 + 14256. Is d a prime number?
False
Let p = -1256 + 1290. Is p a prime number?
False
Suppose -4*q + 188 + 112 = 0. Suppose 0 = 5*t - 5*d - 75, 0 = 2*t + 3*t + 3*d - q. Suppose 5*x = -t, 2*r = 4*x + 15 + 113. Is r composite?
True
Let i = -310 + 1420. Suppose -2*f + 1427 = 5*v, -4*v - 389 = f - i. Is f prime?
True
Suppose 2 = 10*h - 8. Let o(b) = 1530*b**2 + 4*b - 3. Is o(h) a composite number?
False
Suppose 14*z - 9003 = 11*z. Let a = 4838 - z. Is a composite?
True
Suppose -5*b - 15 = 55. Is (-25696)/(-14) - (-6)/b prime?
False
Let n(b) = b**2 + b - 4. Let s be n(-4). Suppose 0 = -3*w + 5*j - 10*j + 1315, 3*j = 3*w - 1299. Suppose -5*a - w = -s*a. Is a a prime number?
False
Suppose -4*u = -l + 6 - 24, 29 = 5*u + 2*l. Let z be (-50)/(-20)*692/u. Let j = -53 + z. Is j a composite number?
False
Let a(m) = -m**3 - 8*m**2 - 2*m - 10. Let c be a(-8). Suppose -c*t = -9*t. Suppose t = -5*n + 3*n - 3*s + 425, -4*n = -3*s - 841. Is n composite?
False
Suppose 0 = -2*y + 10, -18*y + 16*y = -5*r + 73485. Is r prime?
True
Suppose -12*a + 52982 + 34054 = 0. Is a prime?
True
Let o(x) = -7407*x + 59. Is o(-8) prime?
False
Let c(z) = 149*z - 12. Suppose -i = -5 - 14. Is c(i) a composite number?
False
Let i = -40 + 42. Is (-1388)/(-24) + i/12 a composite number?
True
Let t(j) = j**2 + 8*j - 6. Suppose -4*l - 38 = -2. Let k be t(l). Is 1 + (k - (-63 + 0)) prim